. Suppose 0 = -3*y - 3*f + 162, -4*f = y - 2*f - 53. What is the highest common factor of y and l?
55
Let s = 1337 - 341. Suppose 144 - 180 = -3*o. What is the greatest common factor of o and s?
12
Let h be (14/8)/(11/176). Let j = 32 - h. Let z = 69 + -37. What is the greatest common divisor of z and j?
4
Suppose -3*g = 4*g + 602. Let m = -14 + -76. Let c = g - m. What is the highest common divisor of c and 2?
2
Suppose -4*r + 132 = 3*c, -4*c - 2636*r = -2635*r - 176. Suppose 0 = s - 8. Calculate the greatest common divisor of s and c.
4
Let u be (-8)/((-66)/(-2200)*(-8)/(-6)). Let q = u + 224. What is the highest common factor of 78 and q?
6
Let p be ((-100)/(-30))/(10/12). Suppose m = -3*r - 2 + 12, p*r + 4 = 0. What is the highest common factor of 169 and m?
13
Suppose -46*h + 32*h = -39*h + 13225. Calculate the highest common factor of 161 and h.
23
Let x = -313 - -315. Suppose -4*y - 11 = -i, -x*y = 5*i - 0*y - 77. What is the highest common factor of i and 60?
15
Let a = 25499 + -25490. What is the greatest common factor of a and 58?
1
Let v(d) be the first derivative of -d**2 - 5*d + 8. Let p be v(-4). Suppose -2*w = p*w - 115. What is the highest common factor of 69 and w?
23
Suppose 928 = 9*d - 3122. Let g = 38 - 20. What is the highest common factor of g and d?
18
Let h = 27 - -61. Suppose 152 = 12*i - h. Calculate the highest common divisor of i and 70.
10
Let m(a) = -a + 26. Let q be m(4). Let u = q - 17. Suppose u*x - c = 481, -193 = -2*x + c - 0*c. What is the highest common factor of x and 24?
24
Let o = 44 - 15. Suppose k = -o - 16. Let j be ((-5)/(k/(-78)))/((-10)/15). Calculate the greatest common divisor of 78 and j.
13
Suppose 4*f + 11 = -s, 0 = -0*s - 3*s - 5*f + 2. Let w be -2 - -1*(6 + -5). Let y be (-1 + 7)*((-4 - w) + 4). What is the greatest common divisor of s and y?
3
Let v(t) = t**2 - 7*t + 18. Let w(b) = -11*b - 40. Let q be w(-4). Suppose q*c = -14 - 22. Let z be v(c). What is the greatest common factor of 18 and z?
18
Let l(m) = 0*m**2 - 9*m - 7*m**3 - 9*m**2 + 4 + 0*m**3 - 10 + 3*m**3. Let d be l(-3). What is the greatest common divisor of 112 and d?
16
Let w = 129 + -2. Let d = -23 + w. Suppose 2*u - d = 3*c + 68, 5*u = 5*c + 420. What is the highest common factor of u and 32?
16
Let p = 228 + -198. Let i(h) = h**2 + 17*h + 127. Let u be i(-19). Calculate the highest common divisor of p and u.
15
Let d = -5 + 13. Suppose -2*f - 5*u - 1119 = 371, -4*f + 5*u - 2950 = 0. Let z = 748 + f. Calculate the greatest common factor of z and d.
8
Suppose -17*y = 4*y - 39270. Let k be 1*5 - y/((-44)/4). What is the greatest common factor of 25 and k?
25
Suppose 9*k - 3 - 15 = 0. Suppose k*m - 144 = 512. Calculate the greatest common divisor of m and 41.
41
Let u be (-13)/221 + 7003/(-17). Let t = u + 637. What is the highest common divisor of t and 135?
45
Let w(a) = -a**2 + 6*a + 44. Let p be w(6). Calculate the highest common divisor of p and 132.
44
Let n be (594/(-12))/(63/(-84)). Calculate the highest common factor of n and 2607.
33
Let g(w) = -14*w + 447. Let v be g(4). Calculate the highest common factor of 23 and v.
23
Let f(i) = i**3 + 83*i**2 + 10*i + 930. Let p be f(-83). What is the highest common divisor of p and 980?
20
Let u(f) = f**2 - 10*f + 25. Let v be u(8). Let c be (-4 - v)/((-1)/3). What is the greatest common factor of 6 and c?
3
Let u(g) = g**2 + 62 + 107 - 29 + 2*g**3 - g**3 - 11*g. Let c be u(0). Let b be 0 - 0 - (-26 + -2). What is the greatest common factor of b and c?
28
Suppose l = -1 + 4. Suppose 2*p = 2, 7*p - l*p - 1 = -v. Let g be (v - (-1 + 1)) + 24. Calculate the greatest common factor of 7 and g.
7
Suppose 0 = h - 4127 + 4095. Suppose -12 = -i + 4*x, -2*x = -3*i - 6 + 22. Suppose 4*n - h = -i. What is the highest common divisor of n and 77?
7
Let j = -27469 + 29042. What is the highest common divisor of j and 65?
13
Suppose 364*i + 730 = 369*i. Calculate the greatest common factor of i and 3577.
73
Suppose -7*d + 33*d = 520. Let m = 5 + 0. What is the highest common factor of d and m?
5
Suppose -i - 154 = -5*p, -363 = 23*i - 21*i + p. Let c = 215 + i. What is the greatest common divisor of c and 48?
12
Suppose 0 = -5*n - 1253 - 577. Let z = -223 - n. What is the greatest common divisor of z and 26?
13
Let o = 5876 - 5832. What is the highest common divisor of 1958 and o?
22
Suppose 4*s - 920 = -23*s - 812. What is the greatest common factor of 16708 and s?
4
Let t(d) = -5*d + 40. Let x(g) = -3*g - 71. Let y be x(-21). Let u be t(y). What is the greatest common divisor of u and 25?
5
Let g(v) = v**2 + 29*v + 66. Let h be g(36). Let p = h + -1000. Calculate the highest common divisor of p and 38.
38
Suppose -131619 = 161*c - 667427. What is the highest common divisor of 65 and c?
13
Suppose 0 = -z - 4*q + 204, 2*z = 484*q - 489*q + 402. What is the greatest common divisor of 2107 and z?
49
Let n be 25 + -5 + (1 - 5). Let r be 1*n + (-7 - (-3 + -4)). Let q = 87 - 55. What is the highest common divisor of q and r?
16
Let o(k) = 18*k**2 - 9*k + 14. Let g be o(3). Suppose -133*m - 26624 = -g*m. What is the greatest common factor of m and 104?
104
Suppose 0 = -19*g + 245847 - 57766. Calculate the highest common factor of 19 and g.
19
Suppose 2*j + 5*c = 11934, 4*j - 2*c - 13246 = 10670. Calculate the highest common factor of j and 43.
43
Let z be (-256)/96*(-20 - (5 + -4)). What is the greatest common factor of z and 392?
56
Suppose 0 = 254*q - 111*q + 197*q - 280500. Let b(k) = 7*k**3 + 2*k**2 + k. Let u be b(2). Calculate the highest common divisor of q and u.
33
Let n = 5286 - 5265. Calculate the greatest common factor of n and 917.
7
Suppose 0 = 31*q - 455 + 83. What is the highest common divisor of q and 42?
6
Let g be (-13)/208*8*-56. Calculate the highest common divisor of 6748 and g.
28
Let d be ((-4)/6 + 1903/(-1038))*(-164)/5. Calculate the greatest common factor of d and 4.
2
Let t(n) = 212*n - 1310. Let s be t(12). Calculate the greatest common divisor of 2 and s.
2
Let p be (-90665)/(-30) + 126/(-108). What is the highest common divisor of p and 456?
57
Let d = -3934 - -3951. Suppose -10*o + 7*o + 3*i = -192, 0 = -4*o + i + 268. What is the greatest common divisor of d and o?
17
Let s(y) = 13*y + 10. Let p be s(-14). Let h = -166 - p. Calculate the highest common factor of h and 33.
3
Suppose -2*b = 2*t + 23 - 71, -b = -4*t + 101. Suppose 67*r - 72*r = -t. Suppose -26 - 24 = -2*d. Calculate the highest common divisor of r and d.
5
Let w(m) = m**2 + 5*m + 2. Let d = -20 - -26. Let n be w(d). Let s = n - 60. Calculate the highest common factor of s and 12.
4
Let u be (-20320)/(-64)*2/(-10)*(-51 - -11). Calculate the greatest common factor of 80 and u.
20
Let d be (87/2)/(17/1326). Suppose d = 9*i + 20*i. What is the greatest common factor of 9 and i?
9
Suppose v - 3*p - 106 = 0, 5*p - 363 = -5*v + 267. What is the greatest common divisor of 209 and v?
11
Suppose 0*g + 272 = -4*g. Let y = g + 96. Let m = 9183 + -9176. Calculate the greatest common factor of m and y.
7
Suppose -10*g + 5*g + 40596 = -g. What is the greatest common factor of g and 102?
51
Let o be (-3 - -358) + 1/(-1) + 3. What is the highest common factor of 987 and o?
21
Suppose -5*r + 235 = 4*t, 2*t = r - 6 - 55. Suppose 2*c - r = -19. Suppose 0 = -3*x + 9*x - 24. What is the highest common divisor of x and c?
4
Let x be 2 - (393/2 + (-3)/2). Let q = 314 + x. What is the greatest common factor of q and 22?
11
Suppose 17*r + 4*v + 298 = 22*r, 2*v + 4 = 0. Suppose 14 = 4*l - r. Calculate the highest common divisor of 144 and l.
18
Suppose -2*m = -2*t - 236, t + 252 + 214 = 4*m. Let j be 3*-1*3/(-9). Suppose -k + j = z - 29, -5*z + 34 = k. Calculate the highest common divisor of m and k.
29
Suppose 9 = -3*n, 9*g - 1087 = 4*g - n. What is the greatest common factor of 11009 and g?
109
Let u be (-1230)/14 - (25/35)/5. Let o = -73 - u. Calculate the greatest common divisor of 5 and o.
5
Let n be (-89)/(91 + 87) + (0 - 366/(-4)). Suppose -2*x = 4*p - 116, -144 = -3*x - 2*p + 18. Calculate the greatest common factor of n and x.
13
Let a be 13 - (-8 + (-36)/18). Calculate the highest common factor of 23759 and a.
23
Let f(b) = 9*b - 1. Let s(u) = -u - 9. Let w be s(-7). Let j be f(w). Let r = 1 - j. What is the highest 